site?
True
Is 3395939161 prime?
True
Is 5731663121 a prime number?
True
Is 1618259987 composite?
False
Is 6143576809 a prime number?
True
Is 80629012073 composite?
True
Is 26939927479 a prime number?
False
Is 26349379402 a composite number?
True
Is 77152697243 a prime number?
True
Is 1149743513 prime?
False
Is 58757011 a composite number?
False
Is 104129458151 prime?
False
Is 988292081 prime?
False
Is 65438383 a prime number?
True
Is 131290097 composite?
True
Is 4012635127 a composite number?
False
Is 388448153 composite?
True
Is 380490797 composite?
True
Is 113051515111 a composite number?
True
Is 1947610363 prime?
False
Is 34546645741 a prime number?
True
Is 13612405831 a prime number?
True
Is 485345293 a composite number?
False
Is 1235547689 prime?
False
Is 48226721 a prime number?
True
Is 13975138453 a composite number?
False
Is 6523468891 prime?
True
Is 3353922349 a prime number?
False
Is 34993045309 prime?
True
Is 3527228567 prime?
False
Is 1248428263 a composite number?
True
Is 2507249183 composite?
False
Is 5227181534 a composite number?
True
Is 361774514 a composite number?
True
Is 395404211 a composite number?
False
Is 85392743 prime?
False
Is 444397337 a composite number?
True
Is 851471221 a prime number?
True
Is 3400088279 composite?
True
Is 63536461 composite?
True
Is 19797191851 composite?
True
Is 9256753159 prime?
True
Is 705592621 prime?
True
Is 13264479289 prime?
True
Is 31095098141 a prime number?
False
Is 2438781889 a composite number?
True
Is 31164823637 prime?
True
Is 10536683131 prime?
False
Is 13007207111 a prime number?
True
Is 6002660663 composite?
True
Is 1512995677 a prime number?
False
Is 1093452497 a composite number?
False
Is 11428785833 a prime number?
False
Is 1748018513 composite?
True
Is 13834501309 a prime number?
False
Is 60536957581 a composite number?
False
Is 29159626039 a prime number?
True
Is 107241381937 a prime number?
True
Is 190894214989 composite?
True
Is 186128933 prime?
False
Is 17120864581 composite?
False
Is 25331773949 a composite number?
True
Is 7239458209 a composite number?
False
Is 13229601643 prime?
True
Is 3313636577 a composite number?
False
Is 10421234743 composite?
False
Is 390963523 a prime number?
True
Is 2135523029 prime?
True
Is 65360981911 prime?
True
Is 37060846201 a prime number?
False
Is 294273787 prime?
True
Is 1643097389 a composite number?
True
Is 285249977 a prime number?
True
Is 4427810107 a composite number?
True
Is 308169577 a prime number?
True
Is 2429816633 a prime number?
True
Is 16078878659 a composite number?
False
Is 12523148135 composite?
True
Is 6777744691 a composite number?
True
Is 267514543 prime?
True
Is 4331379497 a composite number?
False
Is 1158878503 a prime number?
True
Is 245319643 composite?
True
Is 105385882213 composite?
False
Is 12076945121 a prime number?
True
Is 18895860923 composite?
True
Is 19716734617 a composite number?
True
Is 44385959 composite?
True
Is 11584876039 composite?
True
Is 928198519 prime?
True
Is 639865991 composite?
True
Is 7767475439 prime?
False
Is 206906657 a prime number?
True
Is 7399572601 prime?
True
Is 1734097873 a prime number?
True
Is 24000525923 composite?
True
Is 22318378639 composite?
False
Is 1399015841 a prime number?
True
Is 578018460767 prime?
False
Is 2972841029 composite?
False
Is 689816285 a composite number?
True
Is 2102368793 composite?
True
Is 15050336254 a prime number?
False
Is 13360697479 a prime number?
False
Is 1727269619 composite?
True
Is 4401594247 a composite number?
False
Is 4631786639 a composite number?
True
Is 325829219 prime?
True
Is 1879513721 prime?
True
Is 1208109499 prime?
False
Is 10000605653 composite?
False
Is 7986348187 prime?
True
Is 408641353 a composite number?
True
Is 54560287 a composite number?
False
Is 7123500253 a prime number?
True
Is 651958651 composite?
False
Is 112302349 composite?
False
Is 24769963081 prime?
False
Is 361693201 composite?
False
Is 27140216179 a composite number?
False
Is 11943043877 prime?
True
Is 266793559 composite?
True
Is 124050049 composite?
False
Is 1176802021 a prime number?
False
Is 649090759 composite?
False
Is 4719521371 composite?
False
Is 8614374763 a prime number?
True
Is 66112580419 composite?
False
Is 254112151 a prime number?
False
Is 2265910078 a composite number?
True
Is 10028633803 prime?
True
Is 44648627923 prime?
False
Is 5969399 prime?
False
Is 25279109 a composite number?
True
Is 137823577 a composite number?
False
Is 16014037841 prime?
True
Is 43233979559 a composite number?
True
Is 10752794329 prime?
True
Is 897707809 a prime number?
False
Is 1545533203 a prime number?
False
Is 887359949 composite?
True
Is 9652034597 a composite number?
True
Is 28565789089 composite?
True
Is 8830977017 prime?
True
Is 667197959 a prime number?
True
Is 43314658063 prime?
False
Is 10867685291 a prime number?
True
Is 17521275599 a prime number?
False
Is 1747235167 prime?
True
Is 112058161 composite?
False
Is 17942653681 prime?
True
Is 102254857 a prime number?
True
Is 1196598251 a prime number?
True
Is 2253759631 a prime number?
False
Is 2198223847 prime?
True
Is 207463871 composite?
False
Is 1441742599 a prime number?
False
Is 1242613789 a composite number?
False
Is 93636796573 composite?
True
Is 3954754109 prime?
False
Is 22705771283 a composite number?
True
Is 931378991 a prime number?
True
Is 8724967129 a composite number?
False
Is 2026530223 a prime number?
True
Is 7286300783 composite?
True
Is 3320019449 prime?
True
Is 201410087663 a composite number?
True
Is 15642645419 prime?
True
Is 70100504081 prime?
False
Is 245205211 composite?
False
Is 324473776115 a prime number?
False
Is 14990780983 a composite number?
True
Is 12379390757 composite?
False
Is 2530313909 composite?
False
Is 3826225811 a composite number?
True
Is 44376078101 prime?
True
Is 127528403 a composite number?
True
Is 211429723 prime?
False
Is 14330326301 composite?
True
Is 91059709 a composite number?
True
Is 33899949799 prime?
True
Is 108143769131 a composite number?
False
Is 8958784243 a composite number?
False
Is 34782887 a prime number?
False
Is 191524200643 prime?
True
Is 123010667915 composite?
True
Is 402333887 a prime number?
True
Is 1994935387 composite?
False
Is 75433542929 composite?
False
Is 16679315711 composite?
False
Is 1244643691 a composite number?
False
Is 941325443 a prime number?
True
Is 7516295321 a prime number?
True
Is 9701425067 a composite number?
True
Is 9390379451 a composite number?
True
Is 14082280561 a composite number?
True
Is 583992077 prime?
True
Is 11629276089 composite?
True
Is 17521671821 prime?
True
Is 15018629 a composite number?
True
Is 4574003429 composite?
False
Is 44208565861 composite?
False
Is 6281464499 a composite number?
False
Is 71157906133 a composite number?
False
Is 2707104193 a prime number?
False
Is 38255331039 a prime number?
False
Is 8585463109 prime?
False
Is 163647561919 a prime number?
True
Is 252487943 prime?
True
Is 13105991359 a prime number?
True
Is 4597448069 composite?
True
Is 6616615457 composite?
True
Is 3169876621 a composite number?
True
Is 349215101 a composite number?
True
Is 1188113573 a prime number?
True
Is 203687768861 composite?
False
Is 151869592289 prime?
True
Is 81177355685 a prime number?
False
Is 35831269363 a composite number?
False
Is 1190370921 a prime number?
False
Is 2136760523 prime?
False
Is 57329614753 composite?
False
Is 13446015029 a prime number?
True
Is 119510094523 composite?
False
Is 1231500811 a prime number?
True
Is 111354798487 prime?
True
Is 147454823 composite?
True
Is 151559285677 a composite number?
False
Is 30273720199 a composite number?
False
Is 23516770657 composite?
True
Is 172498699349 prime?
True
Is 932008511 a prime number?
False
Is 12832204927 composite?
True
Is 6233057449 prime?
True
Is 450349631 composite?
False
Is 242697743 a prime number?
False
Is 628311043 prime?
True
Is 91408637 a prime number?
False
Is 28641644111 prime?
True
Is 595040839 a composite number?
False
Is 536293099 prime?
True
Is 14642016787 prime?
False
Is 13362383057 a prime number?
True
Is 5483834567 a prime number?
True
Is 36232494109 composite?
True
Is 58301048341 composite?
False
Is 2227517437 a composite number?
True
Is 11627737997 a composite number?
True
Is 585485449 a composite number?
Fal